sor of 240 and 90.
30
Calculate the highest common divisor of 528 and 814.
22
What is the highest common factor of 15 and 295?
5
Calculate the highest common factor of 33 and 9.
3
Calculate the greatest common factor of 29 and 29.
29
What is the highest common divisor of 9 and 49968?
9
Calculate the greatest common divisor of 1659 and 42.
21
Calculate the greatest common divisor of 308 and 385.
77
Calculate the highest common factor of 5 and 125.
5
Calculate the greatest common divisor of 208 and 10998.
26
What is the greatest common divisor of 16 and 224?
16
What is the highest common factor of 10 and 9385?
5
What is the highest common factor of 554 and 6?
2
Calculate the greatest common factor of 121 and 2783.
121
Calculate the greatest common divisor of 24 and 336.
24
What is the greatest common divisor of 36 and 63?
9
What is the greatest common factor of 2815 and 5?
5
What is the greatest common factor of 567 and 27?
27
Calculate the greatest common divisor of 27 and 12.
3
Calculate the highest common factor of 14 and 7.
7
What is the highest common factor of 704 and 33?
11
Calculate the greatest common divisor of 11 and 3223.
11
What is the highest common divisor of 95 and 1957?
19
What is the greatest common divisor of 48 and 24656?
16
What is the greatest common factor of 131184 and 24?
24
What is the greatest common factor of 777 and 49?
7
What is the highest common divisor of 24864 and 504?
168
What is the greatest common factor of 2535 and 169?
169
What is the highest common factor of 676 and 130?
26
What is the greatest common divisor of 165 and 264?
33
What is the greatest common divisor of 4717 and 89?
89
What is the greatest common factor of 264 and 3300?
132
Calculate the greatest common divisor of 129 and 33497.
43
What is the highest common factor of 10575 and 75?
75
Calculate the highest common divisor of 60 and 13005.
15
What is the greatest common factor of 28812 and 24?
12
Calculate the greatest common factor of 8 and 19672.
8
Calculate the greatest common factor of 18 and 243.
9
What is the greatest common factor of 64 and 416?
32
Calculate the highest common divisor of 12 and 9.
3
What is the greatest common divisor of 3397 and 79?
79
Calculate the greatest common divisor of 352 and 30800.
176
What is the greatest common factor of 8964 and 864?
108
What is the greatest common divisor of 686 and 21?
7
Calculate the highest common divisor of 3332 and 3920.
196
Calculate the greatest common divisor of 258 and 6.
6
Calculate the greatest common factor of 816 and 17.
17
Calculate the greatest common factor of 161 and 6486.
23
Calculate the greatest common factor of 70 and 84.
14
Calculate the highest common factor of 774 and 36.
18
Calculate the greatest common factor of 1062 and 504.
18
Calculate the greatest common divisor of 72 and 198.
18
What is the greatest common divisor of 8413 and 235?
47
Calculate the greatest common divisor of 40 and 215.
5
What is the greatest common factor of 121 and 44?
11
What is the highest common divisor of 2 and 1?
1
What is the greatest common divisor of 405 and 1245?
15
Calculate the greatest common factor of 1664 and 16.
16
What is the greatest common factor of 72 and 858?
6
Calculate the greatest common factor of 80 and 416.
16
What is the greatest common divisor of 232 and 3074?
58
Calculate the highest common divisor of 3024 and 1323.
189
Calculate the greatest common divisor of 300 and 18.
6
What is the greatest common divisor of 134 and 2?
2
What is the greatest common factor of 798 and 21?
21
What is the highest common factor of 4181 and 481?
37
What is the greatest common divisor of 4 and 500?
4
What is the highest common divisor of 126 and 28?
14
Calculate the highest common divisor of 119 and 63.
7
What is the greatest common factor of 237 and 6?
3
Calculate the highest common divisor of 16 and 512.
16
What is the greatest common divisor of 2580 and 688?
172
Calculate the greatest common factor of 188 and 8413.
47
Calculate the highest common divisor of 172 and 5332.
172
What is the greatest common factor of 3840 and 15?
15
Calculate the highest common factor of 1157 and 3204.
89
What is the greatest common factor of 47 and 423?
47
Calculate the highest common divisor of 5 and 11.
1
What is the greatest common divisor of 5150 and 100?
50
Calculate the greatest common factor of 93 and 21576.
93
What is the greatest common factor of 8 and 904?
8
What is the highest common divisor of 1050 and 60?
30
Calculate the highest common divisor of 178 and 27234.
178
Calculate the highest common divisor of 4095 and 39.
39
Calculate the highest common factor of 2176 and 256.
128
What is the highest common divisor of 71 and 355?
71
Calculate the greatest common divisor of 767 and 1475.
59
Calculate the greatest common factor of 1434 and 6.
6
Calculate the highest common divisor of 9 and 1728.
9
What is the highest common factor of 88 and 22?
22
Calculate the highest common factor of 6070 and 10.
10
What is the highest common factor of 25 and 1?
1
What is the highest common divisor of 43380 and 180?
180
What is the greatest common factor of 6 and 6?
6
Calculate the highest common divisor of 30 and 102.
6
Calculate the greatest common factor of 90 and 18.
18
What is the highest common divisor of 12 and 348?
12
What is the greatest common factor of 162 and 7938?
162
What is the highest common factor of 415 and 5?
5
Calculate the greatest common factor of 1219 and 115.
23
Calculate the greatest common factor of 56 and 104.
8
What is the highest common divisor of 376 and 1739?
47
What is the greatest common factor of 2775 and 225?
75
Calculate the highest common divisor of 132 and 2442.
66
Calculate the highest common factor of 253 and 23.
23
Calculate the highest common divisor of 72 and 704.
8
Calculate the greatest common divisor of 104 and 4472.
104
Calculate the highest common factor of 148 and 68.
4
Calculate the greatest common divisor of 15 and 27.
3
What is the highest common divisor of 1 and 783?
1
What is the greatest common divisor of 56 and 448?
56
Calculate the highest common factor of 50 and 15.
5
Calculate the highest common divisor of 2245 and 35.
5
What is the greatest common factor of 240 and 15?
15
What is the greatest common factor of 105 and 75?
15
What is the greatest common divisor of 711 and 9?
9
Calculate the greatest common divisor of 576 and 1872.
144
Calculate the greatest common divisor of 69 and 506.
23
Calculate the greatest common divisor of 665 and 1045.
95
What is the highest common factor of 256 and 32896?
128
What is the greatest common factor of 60 and 210?
30
Calculate the highest common divisor of 352 and 572.
44
Calculate the greatest common divisor of 1386 and 18.
18
What is the highest common divisor of 899 and 203?
29
Calculate the highest common factor of 2222 and 22.
22
What is the greatest common divisor of 78 and 30?
6
What is the greatest common divisor of 657 and 27?
9
What is the highest common divisor of 83 and 1909?
83
Calculate the greatest common factor of 299 and 115.
23
Calculate the highest common factor of 1584 and 627.
33
Calculate the greatest common factor of 567 and 405.
81
What is the greatest common divisor of 1032 and 72?
24
What is the highest common divisor of 224 and 64?
32
Calculate the highest common divisor of 5835 and 15.
15
Calculate the greatest common factor of 559 and 195.
13
Calculate the highest common divisor of 68 and 646.
34
What is the highest common divisor of 846 and 126?
18
Calculate the highest common divisor of 40008 and 24.
24
What is the greatest common factor of 196 and 1512?
28
What is the highest common factor of 493 and 85?
17
Calculate the greatest common divisor of 72 and 15432.
24
Calculate the highest common factor of 5626 and 582.
194
What is the greatest common divisor of 287 and 35?
7
Calculate the greatest common factor of 292 and 20732.
292
What is the highest common factor of 211 and 11?
1
What is the highest common divisor of 266 and 1463?
133
What is the greatest common factor of 15 and 18825?
15
What is the greatest common divisor of 115 and 736?
23
Calculate the greatest common divisor of 350 and 250.
50
What is the highest common factor of 20 and 38030?
10
What is the highest common div